*d - 2*d = -f + 565, -2*d + 1715 = 3*f. What are the prime factors of f?
5, 23
Let x(i) = -9*i - 10*i - 6*i**2 + 5 + 5*i**2. What are the prime factors of x(-13)?
83
Let f = -906 + 1401. List the prime factors of f.
3, 5, 11
Let y = 4 - 4. Let g(s) = 4*s + 210. List the prime factors of g(y).
2, 3, 5, 7
Suppose 5*m + 152 - 1859 = -3*n, 5*n - 1715 = -5*m. List the prime factors of m.
3, 113
Let c(m) = m**2 - 2*m - 3. Let p be c(-3). Let i(u) = u - 8. Let b be i(p). Suppose 2*n - 60 - b = 0. List the prime factors of n.
2
Let a = 0 + 45. Let w = a + -8. Let k = w + -21. List the prime factors of k.
2
Let s be (-2516)/(-10) + 2/5. Suppose 0 = -3*b - s. Let l = -31 - b. What are the prime factors of l?
53
Suppose 5*s + 176 = -5*r + 961, 0 = -r + 2*s + 145. List the prime factors of r.
3, 17
Suppose -i = 2*i - x - 922, -2*i + 2*x + 616 = 0. Suppose -2*m = 4*r - 130, 4*m = r - 20 + i. What are the prime factors of m?
71
Suppose -11*v + 2180 = -1846. What are the prime factors of v?
2, 3, 61
Suppose 2*l + 6 = 0, 69*j + 2*l - 4466 = 65*j. What are the prime factors of j?
2, 13, 43
Let d = 989 + -773. List the prime factors of d.
2, 3
Let l = -118 - -261. List the prime factors of l.
11, 13
Suppose -2*a = 6*b - b + 46, -4*a = b + 74. Let w be 6/9 - (-12)/a. Suppose 0*n + 5*n - 155 = w. What are the prime factors of n?
31
Let n(i) = -i - 5. Let m be n(-4). Let s = 3 + m. What are the prime factors of (4 - -36)*1/s?
2, 5
Let y(z) = z**3 + 12*z**2 + 3*z - 4. Let i be y(-5). Let o = i + -95. What are the prime factors of o?
61
Suppose -a - 3 = -j - 11, 0 = 4*j + 2*a + 20. Let v = 13 + j. Suppose -3*n - 88 = -v*n. What are the prime factors of n?
2, 11
Let g(q) = q**3 - 25*q**2 + 40*q - 71. What are the prime factors of g(24)?
313
Let x = 176 - -46. Suppose -3*h = -x - 438. What are the prime factors of h?
2, 5, 11
Let c(n) = -n**2 + 6*n + 10. Let m be c(7). Suppose 0 = -m*p - 22 + 7. List the prime factors of 3/5 + (-152)/p.
31
Let w(n) be the first derivative of -5 + 4*n**3 + 3/2*n**2 - 2*n. What are the prime factors of w(-2)?
2, 5
Let x = -11 - -15. Let u(t) = -72*t - 8. Let l be u(x). List the prime factors of l/(-20) - (-8)/(-10).
2, 7
Suppose -4 = -4*i + 8. Suppose -6*j - 4*a = -i*j - 427, 552 = 4*j + a. List the prime factors of j.
137
Let p = -24 - -44. Suppose 3*i - 8*i = -p. Suppose -5*y + 118 = -2*y + 5*c, 4*y - 136 = i*c. What are the prime factors of y?
2, 3
Suppose 37515 = 20*m - 5*m. What are the prime factors of m?
41, 61
Let w(b) = 6*b - 1. Let h be w(1). Let l be (-24)/(-60) - 67/h. What are the prime factors of 13/l*(0 + -9)?
3
Let x(y) = 74*y - 22. What are the prime factors of x(4)?
2, 137
Let c(g) = -4*g**2 + 4*g - 12. Let n(j) = -j**2 + j - 3. Let w(q) = -2*c(q) + 9*n(q). Let y be w(3). Let k = 3 - y. List the prime factors of k.
2, 3
Let s = -6 - -5. Let b = 2 - s. Suppose 4*j - b*n - 104 = -5, 3*n + 15 = 0. What are the prime factors of j?
3, 7
Let i(x) = -100*x + 5. Let t be 27 + -24 - (1 + 3). What are the prime factors of i(t)?
3, 5, 7
Suppose 27 = 7*t - 6*t. Let c be 7*9*45/t. Suppose -r = 2*r - c. List the prime factors of r.
5, 7
Let n be (-8)/40 - 26/(-5). Suppose -n*w + 3*f + 377 - 6 = 0, 0 = -5*w + 4*f + 368. Suppose -5*j + w = -j. What are the prime factors of j?
19
Suppose 4*d - 9*d = -25. Suppose 2*q - 357 = -3*t + d*q, 16 = -4*q. Let s = t - 58. What are the prime factors of s?
3, 19
Let u(x) = 81*x + 49. What are the prime factors of u(14)?
7, 13
Let z(k) = k + 1. Let j be z(-3). Let s(i) = -i - 4. Let d be s(-7). List the prime factors of (6/j)/d + 12.
11
Let b be ((-4)/(-6) + 48/(-36))*-9. What are the prime factors of (-3)/b*-38 + 3?
2, 11
Suppose -33*s = -41*s + 13808. What are the prime factors of s?
2, 863
Let u(j) = -j**3 - 3*j**2 - 11*j + 6. Let p be 0 + (-2 - -3 - 6). List the prime factors of u(p).
3, 37
Let t be (3 + 1)/(-4)*(-3 - -3). Suppose x = -t*x + 46. What are the prime factors of x?
2, 23
Let f = -209 + 105. What are the prime factors of ((-27)/(-12))/(207/f - -2)?
2, 3, 13
Suppose -4*j - 11 - 3 = -y, 0 = 3*y - 5*j - 21. Suppose -5*v + 63 = -y*d, 3*d = 4*d + 5*v + 24. List the prime factors of (1 - d)*(2 - 1).
2, 3, 5
Suppose 12 = q + 4. Let r = q + 20. List the prime factors of -7*14*(-14)/r.
7
Suppose 4*x = -5*i + 273, -6*i + 5*i - 4*x = -61. What are the prime factors of i?
53
Let v(o) = -3*o**3 + 21*o**2 - 19*o - 17. Let x(j) = -2*j**3 + 11*j**2 - 9*j - 8. Let l(y) = 3*v(y) - 5*x(y). List the prime factors of l(-8).
5, 17
Suppose l + 604 - 1459 = 0. What are the prime factors of l?
3, 5, 19
Let o(w) = w**3 + 5*w**2 + 7*w. Let n be o(-4). List the prime factors of 63/(3/n*-2).
2, 3, 7
Let w(p) = 20*p**2 + p - 3. Let u be w(3). Suppose 0 = -4*v - v - u. Let o = 15 - v. List the prime factors of o.
3, 17
Let y(m) = -103*m**3 - m**2 + 2*m + 1. Let u be y(-1). Let x = u + 22. List the prime factors of x.
3, 41
Let t(f) = -3*f**3 + 8*f**2 - f - 18. List the prime factors of t(-6).
2, 3, 7, 11
Let y = -292 - -159. Let s = 269 + y. What are the prime factors of s?
2, 17
Suppose 3*s = -5*f + 16981, 3*s - f = 5*s - 11323. What are the prime factors of s?
2, 19, 149
Suppose 0 = 5*s - 3*s. Suppose s = 2*r - r + 4. List the prime factors of r/(-8) + (-43)/(-2).
2, 11
Let o be -27 + 26 + (1 + -7)*-1. Suppose -o*a = -4*a - 5. List the prime factors of a.
5
Let r = -1137 - -3627. List the prime factors of r.
2, 3, 5, 83
Suppose c = 2*n - 17, 5 = c - 2*c. Suppose 128 = n*v - 4*v. List the prime factors of v.
2
Suppose -3*t + 41 = 4*n + n, -2*t = -4. Let j(s) = s**2 - 6*s + 15. List the prime factors of j(n).
2, 11
Let r(b) = 5*b - 20. Let v be r(5). Suppose o + 3*k - 950 = -4*o, -v*o + 960 = k. List the prime factors of o.
193
Suppose 0 = r - 2*r - 3*a + 9, -4*r + 2 = -5*a. Suppose -130 = -r*p - 13. Suppose -2*o - 5*x = -23, 3*o - p = -o - 3*x. What are the prime factors of o?
3
Let r(q) = q**3 - 2*q**2 + 3*q + 18. List the prime factors of r(13).
2, 479
Let f = 40 + 10. Let y = 96 + -12. Let b = y - f. What are the prime factors of b?
2, 17
Let r be (-2)/(-3)*(141 - 3). Suppose -y + 5*y - 4*z = -48, -5*y - 3*z = r. Let a = -9 - y. What are the prime factors of a?
7
Suppose 5*m - 7*t - 13 = -3*t, -m + 3*t + 7 = 0. Suppose -3*j - 2*b = -2*j + 4, -2*j - m = -3*b. What are the prime factors of j - -9*(2 - 0)?
2
Let o(q) = -22*q - 59. Let v be o(-11). Suppose -5*b - 48 = -v. List the prime factors of b.
3
Let x be (-3)/6 - 154/(-4). Let z = -20 + x. Let l = z - 2. List the prime factors of l.
2
Suppose -2*f = -i + 114, -i = -10*f + 14*f - 90. What are the prime factors of i?
2, 53
Let y = -166 - -250. List the prime factors of y.
2, 3, 7
List the prime factors of (4/(-8))/(11/(-6974)).
317
Suppose -5*c + 13 = -0*c + 3*b, -3*b - 2 = 2*c. Suppose 0 = 2*k + c*g - 108, -4*k + 171 = g - 27. What are the prime factors of k?
7
Let h(f) = 2*f**3 + 40*f**2 - 4*f + 43. List the prime factors of h(-18).
17, 83
Let x(l) be the third derivative of -l**6/120 + 7*l**5/60 - l**4/24 - l**3/6 - 7*l**2. What are the prime factors of x(6)?
29
Let t(h) = 4 - 71*h - 5 + 2. Let d be t(-1). Suppose -2*z = -5*z + d. List the prime factors of z.
2, 3
Let w(r) be the first derivative of -r**4/12 + 5*r**3/3 + 3*r**2/2 - 7*r - 2. Let l(n) be the first derivative of w(n). What are the prime factors of l(6)?
3
Let x(s) = -3*s - 19. Let n be x(-7). Suppose k + 249 = 4*k + 2*z, 166 = n*k + z. List the prime factors of k.
83
Let p(y) = -y**2 + 19*y - 3. Let s be p(19). What are the prime factors of 2/(s + 281/93)?
3, 31
Let q(m) = -m**3 - 5*m**2 + 6*m + 11. Let l be q(-6). Suppose 2*w + l - 125 = 0. What are the prime factors of w?
3, 19
Let c be 11/22*(1349 - 1). Let x = -480 + c. List the prime factors of x.
2, 97
Let m(o) = -o**3 + 5*o**2 + 5*o - 7. Let b(z) = z + 6. Let p be b(0). Let x be m(p). Let i = x + 19. List the prime factors of i.
2, 3
Let k be 320 - 7 - (-2 + 0). Suppose -6*f + f + k = 0. What are the prime factors of f?
3, 7
Suppose -1234 = -5*i + 86. Suppose -2*w - i = -4*w. List the prime factors of w.
2, 3, 11
Let k(q) = -q - 3. Let b be k(11). Let p(w) = -1 - 9 - w - 2 - 15*w - w**2. What are the prime factors of p(b)?
2
What are the prime factors of 1184 - ((-16)/48)/((-3)/54)?
2, 19, 31
Let s(w) = -77*w - 125. List the prim